{"id":505,"date":"2017-08-31T20:19:37","date_gmt":"2017-08-31T18:19:37","guid":{"rendered":"http:\/\/www.s101.fr\/lia\/s101\/?page_id=505"},"modified":"2018-08-21T19:45:28","modified_gmt":"2018-08-21T17:45:28","slug":"erotic-michard","status":"publish","type":"page","link":"https:\/\/www.s101.fr\/index.php\/erotic-michard\/","title":{"rendered":"Erotic Michard"},"content":{"rendered":"<p>[vc_row top=\u00a0\u00bb120px\u00a0\u00bb bottom=\u00a0\u00bb30px\u00a0\u00bb][vc_column width=\u00a0\u00bb1\/2&Prime;][vc_single_image image=\u00a0\u00bb524&Prime; img_size=\u00a0\u00bblarge\u00a0\u00bb alignment=\u00a0\u00bbcenter\u00a0\u00bb][\/vc_column][vc_column width=\u00a0\u00bb1\/2&Prime;][vc_column_text]<\/p>\n<h2>Erotic Michard<\/h2>\n<p style=\"text-align: justify;\">En un geste ultime de s\u00e9duction Colette Michard tente d\u2019honorer les promesses que son corps a os\u00e9 faire par le pass\u00e9.\u00a0Mais que montrer lorsqu\u2019il n\u2019y a plus rien \u00e0 voir ?\u00a0Les chants d\u00e9sesp\u00e9r\u00e9s sont les chants les plus beaux mais aussi les plus difficiles \u00e0 \u00e9couter. Erotic\u2019 Michard est un spectacle qui r\u00e9jouira les voyeurs de plus de 75 ans\u2026<\/p>\n<h4>Equipe<\/h4>\n<p>Conception <strong>Ang\u00e9lique Frian<\/strong>t<br \/>\nCollaboration artistique\u00a0<strong>David Girondin Moab<\/strong><br \/>\nCr\u00e9ation sonore\u00a0<strong>Vincent Martial<\/strong><br \/>\nCr\u00e9ation Lumi\u00e8re\u00a0<strong>Julien Barillet<\/strong><br \/>\nConstruction de la marionnette\u00a0<strong>Catherine Hugot<\/strong>\u00a0<strong>&amp; Violaine Fimbel<br \/>\n<\/strong>Construction du d\u00e9cor<strong>\u00a0G\u00e9rard Friant<\/strong><strong><br \/>\n<\/strong>Manipulation<strong> Alice Masson<\/strong>[\/vc_column_text][\/vc_column][\/vc_row][vc_row top=\u00a0\u00bb20px\u00a0\u00bb][vc_column css=\u00a0\u00bb.vc_custom_1504203551590{margin-right: 80px !important;margin-left: 80px !important;}\u00a0\u00bb][vc_image_gallery images=\u00a0\u00bb840,841,842,843,844,845&Prime; space=\u00a0\u00bb5&Prime; popup=\u00a0\u00bbtrue\u00a0\u00bb items_row=\u00a0\u00bb6&Prime;][\/vc_column][\/vc_row][vc_row top=\u00a0\u00bb20px\u00a0\u00bb bottom=\u00a0\u00bb10px\u00a0\u00bb][vc_column css=\u00a0\u00bb.vc_custom_1504819152725{margin-right: 80px !important;margin-left: 80px !important;}\u00a0\u00bb][vc_separator width=\u00a0\u00bb50%\u00a0\u00bb thickness=\u00a0\u00bb2px\u00a0\u00bb][\/vc_column][\/vc_row][vc_row top=\u00a0\u00bb20px\u00a0\u00bb][vc_column css=\u00a0\u00bb.vc_custom_1534873504797{margin-right: 80px !important;margin-left: 80px !important;}\u00a0\u00bb][vc_column_text]<\/p>\n<h5><span style=\"color: #800000;\"><em><strong><a style=\"color: #800000;\" href=\"http:\/\/www.s101.fr\/lia\/s101\/wp-content\/uploads\/2018\/08\/erotic2018.pdf\">T\u00e9l\u00e9charger le dossier ici<\/a><\/strong><\/em><\/span><\/h5>\n<p>[\/vc_column_text][\/vc_column][\/vc_row]<\/p>\n","protected":false},"excerpt":{"rendered":"<p>[vc_row top=\u00a0\u00bb120px\u00a0\u00bb bottom=\u00a0\u00bb30px\u00a0\u00bb][vc_column width=\u00a0\u00bb1\/2&Prime;][vc_single_image image=\u00a0\u00bb524&Prime; img_size=\u00a0\u00bblarge\u00a0\u00bb alignment=\u00a0\u00bbcenter\u00a0\u00bb][\/vc_column][vc_column width=\u00a0\u00bb1\/2&Prime;][vc_column_text] Erotic Michard En un geste ultime de s\u00e9duction Colette Michard tente d\u2019honorer les promesses que son corps a os\u00e9 faire par le pass\u00e9.\u00a0Mais que montrer lorsqu\u2019il n\u2019y a plus rien \u00e0 voir ?\u00a0Les chants d\u00e9sesp\u00e9r\u00e9s sont les chants les plus beaux mais aussi les plus difficiles \u00e0 \u00e9couter. Erotic\u2019 Michard est un spectacle qui r\u00e9jouira les voyeurs de plus de 75 ans\u2026 Equipe Conception Ang\u00e9lique Friant Collaboration&#8230;  <\/p>\n<div class=\"read-more\"><a class=\"excerpt-read-more\" href=\"https:\/\/www.s101.fr\/index.php\/erotic-michard\/\" title=\"Continue reading Erotic Michard\">Read more<i class=\"fa fa-angle-right\"><\/i><\/a><\/div>\n","protected":false},"author":1,"featured_media":0,"parent":0,"menu_order":0,"comment_status":"closed","ping_status":"closed","template":"","meta":{"footnotes":""},"class_list":["post-505","page","type-page","status-publish","hentry"],"_links":{"self":[{"href":"https:\/\/www.s101.fr\/index.php\/wp-json\/wp\/v2\/pages\/505","targetHints":{"allow":["GET"]}}],"collection":[{"href":"https:\/\/www.s101.fr\/index.php\/wp-json\/wp\/v2\/pages"}],"about":[{"href":"https:\/\/www.s101.fr\/index.php\/wp-json\/wp\/v2\/types\/page"}],"author":[{"embeddable":true,"href":"https:\/\/www.s101.fr\/index.php\/wp-json\/wp\/v2\/users\/1"}],"replies":[{"embeddable":true,"href":"https:\/\/www.s101.fr\/index.php\/wp-json\/wp\/v2\/comments?post=505"}],"version-history":[{"count":8,"href":"https:\/\/www.s101.fr\/index.php\/wp-json\/wp\/v2\/pages\/505\/revisions"}],"predecessor-version":[{"id":1129,"href":"https:\/\/www.s101.fr\/index.php\/wp-json\/wp\/v2\/pages\/505\/revisions\/1129"}],"wp:attachment":[{"href":"https:\/\/www.s101.fr\/index.php\/wp-json\/wp\/v2\/media?parent=505"}],"curies":[{"name":"wp","href":"https:\/\/api.w.org\/{rel}","templated":true}]}}