{"id":1435,"date":"2023-10-25T18:44:27","date_gmt":"2023-10-25T16:44:27","guid":{"rendered":"http:\/\/www.s101.fr\/?page_id=1435"},"modified":"2024-08-21T11:23:42","modified_gmt":"2024-08-21T09:23:42","slug":"ocean","status":"publish","type":"page","link":"https:\/\/www.s101.fr\/index.php\/ocean\/","title":{"rendered":"Oc\u00e9an"},"content":{"rendered":"<p>[vc_row top=\u00a0\u00bb120px\u00a0\u00bb bottom=\u00a0\u00bb30px\u00a0\u00bb][vc_column width=\u00a0\u00bb1\/2&Prime;][vc_single_image image=\u00a0\u00bb1539&Prime; img_size=\u00a0\u00bblarge\u00a0\u00bb alignment=\u00a0\u00bbcenter\u00a0\u00bb][\/vc_column][vc_column width=\u00a0\u00bb1\/2&Prime;][vc_column_text css=\u00a0\u00bb.vc_custom_1709633016620{padding-bottom: 30px !important;}\u00a0\u00bb]<\/p>\n<h2>Oc\u00e9an<\/h2>\n<p><b><i>Un voyage dans l\u2019immensit\u00e9 de l\u2019oc\u00e9an&#8230;<\/i><\/b><\/p>\n<p style=\"text-align: justify;\">Pour son nouveau spectacle, Ang\u00e9lique Friant part \u00e0 la d\u00e9couverte d\u2019un autre monde, un monde myst\u00e9rieux peupl\u00e9 de cr\u00e9atures magiques et majestueuses, un monde connu de tous et pourtant inexplor\u00e9, l\u2019univers sous-marin.<span class=\"Apple-converted-space\">\u00a0<\/span><\/p>\n<p style=\"text-align: justify;\"><em><strong>Oc\u00e9an<\/strong><\/em> est une po\u00e9sie aquatique visuelle et sonore cr\u00e9\u00e9e pour les enfants d\u00e8s 2 ans.<br class=\"\" \/>Une petite fille solitaire n\u2019h\u00e9site pas \u00e0 plonger dans une crevasse pour sauver des eaux son coquillage. Un voyage onirique \u00e0 la rencontre des cr\u00e9atures qui peuplent les fonds marins.<br class=\"\" \/><br class=\"\" \/>Dans cette nouvelle cr\u00e9ation de la compagnie Succursale 101, th\u00e9\u00e2tre d\u2019ombres color\u00e9es, marionnettes, vid\u00e9o et paysages sonores nous immergent dans les profondeurs de l\u2019oc\u00e9an.<\/p>\n<p>[\/vc_column_text][\/vc_column][\/vc_row][vc_row][vc_column textalign=\u00a0\u00bbleft\u00a0\u00bb][vc_button title=\u00a0\u00bbDossier du spectacle ici\u00a0\u00bb type=\u00a0\u00bbmaterial\u00a0\u00bb icon_material=\u00a0\u00bbvc-material vc-material-folder_open\u00a0\u00bb color=\u00a0\u00bbbtn_pink\u00a0\u00bb border_radius=\u00a0\u00bbround\u00a0\u00bb link=\u00a0\u00bburl:http%3A%2F%2Fwww.s101.fr%2Fwp-content%2Fuploads%2F2024%2F05%2FDossier-Ocean-site.pdf\u00a0\u00bb][vc_button title=\u00a0\u00bbENGLISH FILE\u00a0\u00bb type=\u00a0\u00bbmaterial\u00a0\u00bb icon_material=\u00a0\u00bbvc-material vc-material-folder_open\u00a0\u00bb color=\u00a0\u00bbbtn_pink\u00a0\u00bb border_radius=\u00a0\u00bbround\u00a0\u00bb link=\u00a0\u00bburl:http%3A%2F%2Fwww.s101.fr%2Fwp-content%2Fuploads%2F2024%2F08%2FDossier-Ocean-english.pdf\u00a0\u00bb][vc_button title=\u00a0\u00bbTeaser du spectacle ici\u00a0\u00bb type=\u00a0\u00bbmaterial\u00a0\u00bb icon_material=\u00a0\u00bbvc-material vc-material-play_circle_outline\u00a0\u00bb color=\u00a0\u00bbbtn_black\u00a0\u00bb border_radius=\u00a0\u00bbround\u00a0\u00bb link=\u00a0\u00bburl:http%3A%2F%2Fwww.s101.fr%2Fwp-content%2Fuploads%2F2024%2F01%2FOcean-teaser_C-1.mp4&Prime;][\/vc_column][\/vc_row][vc_row top=\u00a0\u00bb20px\u00a0\u00bb][vc_column css=\u00a0\u00bb.vc_custom_1698253486710{margin-right: 80px !important;margin-left: 80px !important;border-right-width: 20px !important;}\u00a0\u00bb][vc_image_gallery images=\u00a0\u00bb1538,1539,1536,1535&Prime; space=\u00a0\u00bb5&Prime; popup=\u00a0\u00bbtrue\u00a0\u00bb][vc_separator color=\u00a0\u00bb#ffffff\u00a0\u00bb thickness=\u00a0\u00bb30px\u00a0\u00bb][vc_column_text]<\/p>\n<h4>Equipe artistique<\/h4>\n<p style=\"text-align: justify;\"><b>Texte et mise en sc\u00e8ne\u00a0<\/b>Ang\u00e9lique Friant \u2022 <b>Illustrations <\/b>\u00c9lise Boual <b>\u2022 Cr\u00e9ation musicale <\/b>Uriel Barth\u00e9l\u00e9mi <b>\u2022 R\u00e9gie g\u00e9n\u00e9rale <\/b>Nicolas Poix <b>\u2022 Assistante \u00e0 la mise en sc\u00e8ne <\/b>L\u00e9onor Ilitch <b>\u2022 Construction <\/b>Catherine Hugot et l&rsquo;\u00e9quipe du spectacle\u00a0<b>\u2022 Avec <\/b>Chiara Collet et Sylvain M\u00e9nard. <strong>Remerciements \u00e0<\/strong> Corinne et Jean-Marie No\u00ebl, Kalvin et Elyot Friant Hardy, Margot Laurent et Yannick Stasiak.<\/p>\n<p><b>Production\u00a0<\/b>La compagnie Succursale 101\u00a0<b><br \/>\n<\/b><\/p>\n<p><b>Co-productions <\/b>La Com\u00e8te, Sc\u00e8ne Nationale de Ch\u00e2lons-en-Champagne<\/p>\n<p><strong>Avec le soutien<\/strong> du\u00a0Jardin Parall\u00e8le, laboratoire marionnettiste de Reims, du Man\u00e8ge, Sc\u00e8ne Nationale de Reims et de la MJC Intercommunale d&rsquo;Ay.<\/p>\n<p>La cr\u00e9ation du spectacle est soutenue par la DRAC Grand Est, la R\u00e9gion Grand Est, le D\u00e9partement de la Marne et la Ville de Reims.[\/vc_column_text][\/vc_column][\/vc_row]<\/p>\n","protected":false},"excerpt":{"rendered":"<p>[vc_row top=\u00a0\u00bb120px\u00a0\u00bb bottom=\u00a0\u00bb30px\u00a0\u00bb][vc_column width=\u00a0\u00bb1\/2&Prime;][vc_single_image image=\u00a0\u00bb1539&Prime; img_size=\u00a0\u00bblarge\u00a0\u00bb alignment=\u00a0\u00bbcenter\u00a0\u00bb][\/vc_column][vc_column width=\u00a0\u00bb1\/2&Prime;][vc_column_text css=\u00a0\u00bb.vc_custom_1709633016620{padding-bottom: 30px !important;}\u00a0\u00bb] Oc\u00e9an Un voyage dans l\u2019immensit\u00e9 de l\u2019oc\u00e9an&#8230; Pour son nouveau spectacle, Ang\u00e9lique Friant part \u00e0 la d\u00e9couverte d\u2019un autre monde, un monde myst\u00e9rieux peupl\u00e9 de cr\u00e9atures magiques et majestueuses, un monde connu de tous et pourtant inexplor\u00e9, l\u2019univers sous-marin.\u00a0 Oc\u00e9an est une po\u00e9sie aquatique visuelle et sonore cr\u00e9\u00e9e pour les enfants d\u00e8s 2 ans.Une petite fille solitaire n\u2019h\u00e9site pas \u00e0 plonger dans une crevasse&#8230;  <\/p>\n<div class=\"read-more\"><a class=\"excerpt-read-more\" href=\"https:\/\/www.s101.fr\/index.php\/ocean\/\" title=\"Continue reading Oc\u00e9an\">Read more<i class=\"fa fa-angle-right\"><\/i><\/a><\/div>\n","protected":false},"author":1,"featured_media":0,"parent":0,"menu_order":0,"comment_status":"closed","ping_status":"closed","template":"","meta":{"footnotes":""},"class_list":["post-1435","page","type-page","status-publish","hentry"],"_links":{"self":[{"href":"https:\/\/www.s101.fr\/index.php\/wp-json\/wp\/v2\/pages\/1435","targetHints":{"allow":["GET"]}}],"collection":[{"href":"https:\/\/www.s101.fr\/index.php\/wp-json\/wp\/v2\/pages"}],"about":[{"href":"https:\/\/www.s101.fr\/index.php\/wp-json\/wp\/v2\/types\/page"}],"author":[{"embeddable":true,"href":"https:\/\/www.s101.fr\/index.php\/wp-json\/wp\/v2\/users\/1"}],"replies":[{"embeddable":true,"href":"https:\/\/www.s101.fr\/index.php\/wp-json\/wp\/v2\/comments?post=1435"}],"version-history":[{"count":51,"href":"https:\/\/www.s101.fr\/index.php\/wp-json\/wp\/v2\/pages\/1435\/revisions"}],"predecessor-version":[{"id":1758,"href":"https:\/\/www.s101.fr\/index.php\/wp-json\/wp\/v2\/pages\/1435\/revisions\/1758"}],"wp:attachment":[{"href":"https:\/\/www.s101.fr\/index.php\/wp-json\/wp\/v2\/media?parent=1435"}],"curies":[{"name":"wp","href":"https:\/\/api.w.org\/{rel}","templated":true}]}}