{"id":106,"date":"2017-07-22T13:58:47","date_gmt":"2017-07-22T11:58:47","guid":{"rendered":"http:\/\/www.s101.fr\/lia\/s101\/?page_id=106"},"modified":"2024-03-01T12:23:29","modified_gmt":"2024-03-01T11:23:29","slug":"la-compagnie","status":"publish","type":"page","link":"https:\/\/www.s101.fr\/index.php\/la-compagnie\/","title":{"rendered":"La compagnie"},"content":{"rendered":"<p>[vc_row top=\u00a0\u00bb130px\u00a0\u00bb bottom=\u00a0\u00bb10px\u00a0\u00bb][vc_column width=\u00a0\u00bb1\/3&Prime;][vc_single_image image=\u00a0\u00bb1357&Prime; img_size=\u00a0\u00bblarge\u00a0\u00bb alignment=\u00a0\u00bbcenter\u00a0\u00bb css=\u00a0\u00bb.vc_custom_1667396466781{margin-top: 10px !important;margin-bottom: 10px !important;}\u00a0\u00bb][vc_single_image image=\u00a0\u00bb1371&Prime; img_size=\u00a0\u00bblarge\u00a0\u00bb alignment=\u00a0\u00bbcenter\u00a0\u00bb css=\u00a0\u00bb.vc_custom_1667397315971{margin-top: 10px !important;}\u00a0\u00bb][\/vc_column][vc_column width=\u00a0\u00bb2\/3&Prime;][vc_column_text css=\u00a0\u00bb.vc_custom_1667397422722{padding-bottom: 10px !important;}\u00a0\u00bb]<\/p>\n<h2>La compagnie Succursale 101<\/h2>\n<p style=\"text-align: justify;\">La Compagnie Succursale 101 a \u00e9t\u00e9 fond\u00e9e en 2006 par Ang\u00e9lique Friant, com\u00e9dienne-marionnettiste issue de la Classe de la Com\u00e9die de Reims.\u00a0La dramaturgie, \u00e9l\u00e9ment vert\u00e9bral du spectacle vivant, s\u2019impose imm\u00e9diatement comme vecteur du travail de la compagnie. Autour de cet axe de recherche, tout mat\u00e9riau n\u00e9cessaire \u00e0 la repr\u00e9sentation peut \u00eatre engag\u00e9 dans la cr\u00e9ation sans souci de code th\u00e9\u00e2tral, sinon celui que suscite le propos initial.<\/p>\n<p style=\"text-align: justify;\">C\u2019est dans cet esprit que la compagnie souhaite explorer les disciplines qui composent actuellement la sc\u00e8ne contemporaine et m\u00ealer, avec le souci aigu de cr\u00e9er une dramaturgie forte, des domaines artistiques tels que le th\u00e9\u00e2tre, la danse, le masque, la musique, la marionnette et l\u2019objet.<\/p>\n<p style=\"text-align: justify;\">La compagnie est conventionn\u00e9e par la DRAC Grand Est et par la R\u00e9gion Grand Est. Elle est soutenue par le D\u00e9partement de la Marne et la Ville de Reims.<\/p>\n<p>[\/vc_column_text][vc_single_image image=\u00a0\u00bb1356&Prime; img_size=\u00a0\u00bblarge\u00a0\u00bb alignment=\u00a0\u00bbcenter\u00a0\u00bb css=\u00a0\u00bb.vc_custom_1667396944597{margin-top: 20px !important;margin-bottom: 20px !important;padding-bottom: 20px !important;}\u00a0\u00bb][vc_column_text]<\/p>\n<h4><strong>Ang\u00e9lique Friant &#8211; Directrice artistique et metteur en sc\u00e8ne<\/strong><\/h4>\n<p class=\"p1\"><span class=\"s1\">Ang\u00e9lique Friant se forme en art dramatique dans les <\/span><span class=\"s1\">Classes de la Com\u00e9die de Reims sous la direction d\u2018Emmanuel Demarcy Mota. Parall\u00e8lement, elle s\u2019int\u00e9resse au cin\u00e9ma, \u00e0 la dramaturgie, \u00e0 la danse et plus particuli\u00e8rement au but\u00f4. Elle se forme \u00e0 l\u2019art de la marionnette aupr\u00e8s de David Girondin Moab et rapidement collabore \u00e0 ses cr\u00e9ations et installations plastiques.<\/span><\/p>\n<p class=\"p2\"><span class=\"s1\">Elle fonde la compagnie Succursale 101 en 2006 et commence son exp\u00e9rimentation marionnettique. Elle cr\u00e9e et interpr\u00e8te<b><i> Colette Michard<\/i><\/b> &#8211; 2008, <b><i>Erotic Michard <\/i><\/b>&#8211; 2011 <b><i>L\u2019autre sommeil <\/i><\/b>\u2013 2013.<\/span><\/p>\n<p class=\"p2\"><span class=\"s1\">Elle con\u00e7oit et met en sc\u00e8ne <b><i>De la porte d\u2019Orl\u00e9ans<\/i><\/b> &#8211; 2008, <b><i>Petit-Bleu et Petit-Jaune<\/i><\/b> de L\u00e9o Lionni \u2013 2009, <b><i>Gerda<\/i><\/b> &#8211; 2012. <b><i>Coco<\/i><\/b>, de Kolt\u00e8s &#8211; 2015, <b><i>Le grand animal<\/i><\/b>, de Pascal Adam &#8211; 2017, <b><i>Les 3 Brigands,<\/i><\/b> de Tomi Ungerer &#8211; 2016, <b><i>Ah les rats<\/i><\/b>, de Catherine Lefeuvre (coproduction avec la Coop\u00e9rative 326) en 2022. Elle \u00e9crit et met en sc\u00e8ne <b><i>Le Laboratorium<\/i><\/b> &#8211; 2010, <b><i>De paille, de bois ou de brique&#8230; <\/i><\/b>&#8211; 2011, <b><i>Les Sp\u00e9cimens<\/i><\/b> &#8211; 2012, <b><i>Couac <\/i><\/b>&#8211; 2013, <b><i>Gretel<\/i><\/b> &#8211; 2014, <b><i>Tout doit dispara\u00eetre<\/i><\/b> &#8211; 2015, <b><i>Cr\u00e9puscule<\/i><\/b> &#8211; 2016, <b><i>Du sang sur mes l\u00e8vres<\/i><\/b> &#8211; 2018, <b><i>Grincements<\/i><\/b> &#8211; 2020, <b><i>Bulle <\/i><\/b>&#8211; 2020, <b><i>Les Le\u00e7ons d\u2019Anatomies Chim\u00e9riques,<\/i><\/b> avec St\u00e9phane Blanquet \u2013 2021 et <b><i>Oc\u00e9an <\/i><\/b>\u2013 2023. Elle cr\u00e9e les installations plastiques <b><i>Sous les paupi\u00e8res<\/i><\/b> &#8211; 2014, <b><i>Autour de Couac<\/i><\/b> \u2013 2015 et <b><i>Infiniment Grand<\/i><\/b> &#8211; 2021. <\/span><\/p>\n<p class=\"p2\"><span class=\"s1\">Pour la compagnie Pseudonymo, elle joue dans <b><i>Nuits <\/i><\/b>&#8211; 2007 et <b><i>Imomushi<\/i><\/b> \u2013 2008, et devient la collaboratrice artistique du metteur en sc\u00e8ne David Girondin Moab sur plusieurs spectacles : <b><i>Un ph\u00e9nom\u00e8ne tout \u00e0 fait ordinaire <\/i><\/b>&#8211; 2009, <b><i>Glouchenko<\/i><\/b> &#8211; 2010, <b><i>Poisons <\/i><\/b>&#8211; 2011, <b><i>Octopoulpe le Vilain<\/i><\/b> &#8211; 2011, <b><i>Le grand architecte <\/i><\/b>&#8211; 2013, <b><i>Verrue <\/i><\/b>&#8211; 2014, <b><i>Squid<\/i><\/b> &#8211; 2015, <b><i>Noirs comme l\u2019\u00e9b\u00e8ne<\/i><\/b> &#8211; 2018, <b><i>Faustroll<\/i><\/b> &#8211; 2019, <b><i>T\u00e9l\u00e9portation<\/i><\/b> &#8211; 2022 et les installations plastiques <b><i>Objets poss\u00e9d\u00e9s<\/i><\/b> &#8211; 2006, <b><i>La part invisible<\/i><\/b> &#8211; 2007, <b><i>Fabrique F\u00e9tiches<\/i><\/b> &#8211; 2009.<b><i> Les esprits de la for\u00eat<\/i><\/b> \u2013 2013.<\/span><\/p>\n<p class=\"p2\"><span class=\"s1\">Elle cr\u00e9e avec David Girondin Moab, Christian et Fran\u00e7ois Ben A\u00efm sur <b><i>L\u2019Or\u00e9e des visages<\/i><\/b> en 2013; met en sc\u00e8ne <b><i>Chambre Minuit <\/i><\/b>de Ya\u00ebl Rasooly en 2016, collabore avec Andr\u00e9 Mandarino sur <b><i>Loin et si proche<\/i><\/b> en 2018 ; co-met en sc\u00e8ne avec Nevil Tranter <b><i> Chante ! <\/i><\/b>de Ya\u00ebl Rasooly en 2023, met en sc\u00e8ne<b><i> Orange au pays des angles<\/i><\/b> de David Baudemont pour la compagnie Les Enfants Sauvages en 2024 ; collabore avec Entissar Al Hamdani et Uriel Barth\u00e9l\u00e9mi sur<b><i> Off<\/i><\/b>, spectacle de danse Hip hop jeune public en 2024.<\/span><\/p>\n<p class=\"p2\"><span class=\"s1\">En 2016, le Th\u00e9\u00e2tre de Marionnettes de Gen\u00e8ve lui commande la cr\u00e9ation d\u2019un spectacle pour les tout-petits, Ang\u00e9lique Friant \u00e9crit et met en sc\u00e8ne <b><i>\u00c9clipse<\/i><\/b> en 2017 avec une \u00e9quipe franco-suisse. En 2017, elle intervient aupr\u00e8s des \u00e9l\u00e8ves de l\u2019ESNAM de Charleville M\u00e9zi\u00e8res. Elle les met en sc\u00e8ne dans un texte de Fabrice Melquiot, <b><i>Navires\/astronautes<\/i><\/b>. <\/span><\/p>\n<p class=\"p2\"><span class=\"s1\">Membre active de THEMAA, association nationale des th\u00e9\u00e2tres de marionnettes et des arts associ\u00e9s, elle en devient pr\u00e9sidente de 2015 \u00e0 2018. Impliqu\u00e9e dans le milieu associatif, elle est tr\u00e9sorie\u0300re du groupement d\u2019employeurs E222 dont elle est une des membres fondatrices et qui regroupe aujourd\u2019hui une vingtaine de compagnies. Elle est \u00e9galement pr\u00e9sidente de UDA, association d\u2019\u00e9dition d\u2019art contemporain.<\/span><\/p>\n<p class=\"p2\"><span class=\"s1\">Depuis 2010, Ang\u00e9lique Friant co-dirige avec David Girondin Moab Le Jardin Parall\u00e8le, fabrique marion-nettique et laboratoire d\u2019\u00e9critures nouvelles. Ce lieu de fabrique, de recherches et d\u2019exp\u00e9rimentations marionnettiques est missionn\u00e9 par le Minist\u00e8re pour le compagnonnage. <\/span><\/p>\n<p class=\"p2\"><span class=\"s1\">Ils cr\u00e9ent et co-dirigent, depuis 2010, le Festival Orbis Pictus, festival de formes br\u00e8ves marionnettiques, au Palais du Tau \u00e0 Reims et dans les lieux du patrimoine R\u00e9mois.<\/span><\/p>\n<p>[\/vc_column_text][\/vc_column][\/vc_row][vc_row top=\u00a0\u00bb10px\u00a0\u00bb css=\u00a0\u00bb.vc_custom_1501013173521{border-top-width: 60px !important;border-bottom-width: 40px !important;}\u00a0\u00bb][vc_column width=\u00a0\u00bb1\/3&Prime; css=\u00a0\u00bb.vc_custom_1503602066343{margin-right: 10px !important;margin-left: 10px !important;border-right-width: 0px !important;border-left-width: 0px !important;padding-right: 0px !important;padding-left: 0px !important;}\u00a0\u00bb][vc_single_image image=\u00a0\u00bb886&Prime; img_size=\u00a0\u00bblarge\u00a0\u00bb alignment=\u00a0\u00bbcenter\u00a0\u00bb css=\u00a0\u00bb.vc_custom_1504901964952{padding-right: 5px !important;padding-left: 5px !important;}\u00a0\u00bb][\/vc_column][vc_column width=\u00a0\u00bb1\/3&Prime; css=\u00a0\u00bb.vc_custom_1503602083012{margin-right: 10px !important;margin-left: 10px !important;border-right-width: 0px !important;border-left-width: 0px !important;padding-right: 0px !important;padding-left: 0px !important;}\u00a0\u00bb][vc_single_image image=\u00a0\u00bb887&Prime; img_size=\u00a0\u00bblarge\u00a0\u00bb alignment=\u00a0\u00bbcenter\u00a0\u00bb css=\u00a0\u00bb.vc_custom_1504901993340{padding-right: 5px !important;padding-left: 5px !important;}\u00a0\u00bb][\/vc_column][vc_column width=\u00a0\u00bb1\/3&Prime; css=\u00a0\u00bb.vc_custom_1503602046428{margin-right: 10px !important;margin-left: 10px !important;border-right-width: 0px !important;border-left-width: 0px !important;padding-right: 0px !important;padding-left: 0px !important;}\u00a0\u00bb][vc_single_image image=\u00a0\u00bb888&Prime; img_size=\u00a0\u00bblarge\u00a0\u00bb alignment=\u00a0\u00bbcenter\u00a0\u00bb css=\u00a0\u00bb.vc_custom_1504902017759{padding-right: 5px !important;padding-left: 5px !important;}\u00a0\u00bb][\/vc_column][\/vc_row]<\/p>\n","protected":false},"excerpt":{"rendered":"<p>[vc_row top=\u00a0\u00bb130px\u00a0\u00bb bottom=\u00a0\u00bb10px\u00a0\u00bb][vc_column width=\u00a0\u00bb1\/3&Prime;][vc_single_image image=\u00a0\u00bb1357&Prime; img_size=\u00a0\u00bblarge\u00a0\u00bb alignment=\u00a0\u00bbcenter\u00a0\u00bb css=\u00a0\u00bb.vc_custom_1667396466781{margin-top: 10px !important;margin-bottom: 10px !important;}\u00a0\u00bb][vc_single_image image=\u00a0\u00bb1371&Prime; img_size=\u00a0\u00bblarge\u00a0\u00bb alignment=\u00a0\u00bbcenter\u00a0\u00bb css=\u00a0\u00bb.vc_custom_1667397315971{margin-top: 10px !important;}\u00a0\u00bb][\/vc_column][vc_column width=\u00a0\u00bb2\/3&Prime;][vc_column_text css=\u00a0\u00bb.vc_custom_1667397422722{padding-bottom: 10px !important;}\u00a0\u00bb] La compagnie Succursale 101 La Compagnie Succursale 101 a \u00e9t\u00e9 fond\u00e9e en 2006 par Ang\u00e9lique Friant, com\u00e9dienne-marionnettiste issue de la Classe de la Com\u00e9die de Reims.\u00a0La dramaturgie, \u00e9l\u00e9ment vert\u00e9bral du spectacle vivant, s\u2019impose imm\u00e9diatement comme vecteur du travail de la compagnie. Autour de cet axe de recherche, tout mat\u00e9riau n\u00e9cessaire \u00e0 la repr\u00e9sentation&#8230;  <\/p>\n<div class=\"read-more\"><a class=\"excerpt-read-more\" href=\"https:\/\/www.s101.fr\/index.php\/la-compagnie\/\" title=\"Continue reading La compagnie\">Read more<i class=\"fa fa-angle-right\"><\/i><\/a><\/div>\n","protected":false},"author":1,"featured_media":0,"parent":0,"menu_order":0,"comment_status":"closed","ping_status":"closed","template":"","meta":{"footnotes":""},"class_list":["post-106","page","type-page","status-publish","hentry"],"_links":{"self":[{"href":"https:\/\/www.s101.fr\/index.php\/wp-json\/wp\/v2\/pages\/106","targetHints":{"allow":["GET"]}}],"collection":[{"href":"https:\/\/www.s101.fr\/index.php\/wp-json\/wp\/v2\/pages"}],"about":[{"href":"https:\/\/www.s101.fr\/index.php\/wp-json\/wp\/v2\/types\/page"}],"author":[{"embeddable":true,"href":"https:\/\/www.s101.fr\/index.php\/wp-json\/wp\/v2\/users\/1"}],"replies":[{"embeddable":true,"href":"https:\/\/www.s101.fr\/index.php\/wp-json\/wp\/v2\/comments?post=106"}],"version-history":[{"count":53,"href":"https:\/\/www.s101.fr\/index.php\/wp-json\/wp\/v2\/pages\/106\/revisions"}],"predecessor-version":[{"id":1581,"href":"https:\/\/www.s101.fr\/index.php\/wp-json\/wp\/v2\/pages\/106\/revisions\/1581"}],"wp:attachment":[{"href":"https:\/\/www.s101.fr\/index.php\/wp-json\/wp\/v2\/media?parent=106"}],"curies":[{"name":"wp","href":"https:\/\/api.w.org\/{rel}","templated":true}]}}