{"id":809,"date":"2017-09-07T22:32:04","date_gmt":"2017-09-07T20:32:04","guid":{"rendered":"http:\/\/www.s101.fr\/lia\/s101\/?page_id=809"},"modified":"2018-08-01T14:53:46","modified_gmt":"2018-08-01T12:53:46","slug":"sous-les-paupieres","status":"publish","type":"page","link":"http:\/\/www.s101.fr\/index.php\/sous-les-paupieres\/","title":{"rendered":"Sous les paupi\u00e8res"},"content":{"rendered":"<p>[vc_row top=\u00a0\u00bb120px\u00a0\u00bb bottom=\u00a0\u00bb30px\u00a0\u00bb][vc_column width=\u00a0\u00bb1\/2&Prime;][vc_single_image image=\u00a0\u00bb811&Prime; img_size=\u00a0\u00bblarge\u00a0\u00bb alignment=\u00a0\u00bbcenter\u00a0\u00bb][\/vc_column][vc_column width=\u00a0\u00bb1\/2&Prime;][vc_column_text]<\/p>\n<h2>Sous les paupi\u00e8res<\/h2>\n<p style=\"text-align: justify;\"><em>Fermer les yeux, se souvenir, r\u00eaver, imaginer, fantasmer, cauchemarder,&#8230;<\/em><br \/>\n<em>Autour d&rsquo;un lit imaginaire, d&rsquo;une chambre fantasm\u00e9e, <strong>Ang\u00e9lique Friant<\/strong> r\u00e9invente, en un paysage onirique, \u00ab\u00a0l\u2019espace \u00e0 dormir\u00a0\u00bb.<\/em><\/p>\n<p style=\"text-align: justify;\">Autour d&rsquo;un lit imaginaire, d&rsquo;une chambre fantasm\u00e9e,\u00a0<strong>Ang\u00e9lique Friant<\/strong>\u00a0r\u00e9invente, en un paysage onirique, \u00ab\u00a0l\u2019espace \u00e0 dormir\u00a0\u00bb.<\/p>\n<p style=\"text-align: justify;\">L&rsquo;installation plastique<strong><em>\u00a0Sous les paupi\u00e8res<\/em><\/strong><strong><em>\u00a0<\/em><\/strong>plongera le spectateur dans un univers o\u00f9 l&rsquo;espace-temps diff\u00e8re sensiblement de notre quotidien, o\u00f9 les codes sensoriels sont modifi\u00e9s.Paupi\u00e8res ouvertes ou mi-closes, le spectateur pourra suivre son propre voyage, entre le r\u00eave et la r\u00e9alit\u00e9, avec plaisir, \u00e9motion, \u00e9tonnement.S&rsquo;appuyant sur des propositions marionnettiques,\u00a0<strong>Ang\u00e9lique Friant<\/strong><strong>\u00a0<\/strong>et son \u00e9quipe construisent un parcours singulier avec le lit comme lieu central du repos et la somnolence.<\/p>\n<h4 style=\"text-align: left;\"><\/h4>\n<h4>Equipe<\/h4>\n<p>Conception et direction artistique\u00a0<strong>Ang\u00e9lique Friant<\/strong><\/p>\n<p>Cr\u00e9ation vid\u00e9o\u00a0<strong>Yraga\u00ebl Gervais<\/strong>\u00a0et\u00a0<strong>Sarah Grandjean<\/strong><\/p>\n<p>Cr\u00e9ation sonore\u00a0<strong>Samuel Gamet<\/strong><\/p>\n<p>Construction marionnettique\u00a0<strong>David Girondin Moab<\/strong>,<strong>Sophie Hauller<\/strong>,<strong>\u00a0Evandro Serodio<\/strong>\u00a0assist\u00e9s de\u00a0<strong>Ga\u00eblle Prodhon<\/strong>,<strong>\u00a0Chlo\u00e9 Por\u00e9e\u00a0<\/strong>et<strong>\u00a0Manon Jord<\/strong><\/p>\n<p>Construction sc\u00e9nographique\u00a0<strong>G\u00e9rard Friant<\/strong>, et\u00a0<strong>Nicolas Poix<\/strong><\/p>\n<p>Avec\u00a0<strong>Ang\u00e9lique Friant<\/strong>.[\/vc_column_text][\/vc_column][\/vc_row][vc_row top=\u00a0\u00bb20px\u00a0\u00bb bottom=\u00a0\u00bb30px\u00a0\u00bb][vc_column css=\u00a0\u00bb.vc_custom_1504816573356{margin-right: 80px !important;margin-left: 80px !important;}\u00a0\u00bb][vc_image_gallery images=\u00a0\u00bb812,814,815,816,817&Prime; space=\u00a0\u00bb5&Prime; popup=\u00a0\u00bbtrue\u00a0\u00bb items_row=\u00a0\u00bb6&Prime;][\/vc_column][\/vc_row][vc_row top=\u00a0\u00bb20px\u00a0\u00bb bottom=\u00a0\u00bb40px\u00a0\u00bb][vc_column css=\u00a0\u00bb.vc_custom_1504816592498{margin-right: 80px !important;margin-left: 80px !important;}\u00a0\u00bb][vc_separator width=\u00a0\u00bb50%\u00a0\u00bb thickness=\u00a0\u00bb2px\u00a0\u00bb][\/vc_column][\/vc_row]<\/p>\n","protected":false},"excerpt":{"rendered":"<p>[vc_row top=\u00a0\u00bb120px\u00a0\u00bb bottom=\u00a0\u00bb30px\u00a0\u00bb][vc_column width=\u00a0\u00bb1\/2&Prime;][vc_single_image image=\u00a0\u00bb811&Prime; img_size=\u00a0\u00bblarge\u00a0\u00bb alignment=\u00a0\u00bbcenter\u00a0\u00bb][\/vc_column][vc_column width=\u00a0\u00bb1\/2&Prime;][vc_column_text] Sous les paupi\u00e8res Fermer les yeux, se souvenir, r\u00eaver, imaginer, fantasmer, cauchemarder,&#8230; Autour d&rsquo;un lit imaginaire, d&rsquo;une chambre fantasm\u00e9e, Ang\u00e9lique Friant r\u00e9invente, en un paysage onirique, \u00ab\u00a0l\u2019espace \u00e0 dormir\u00a0\u00bb. Autour d&rsquo;un lit imaginaire, d&rsquo;une chambre fantasm\u00e9e,\u00a0Ang\u00e9lique Friant\u00a0r\u00e9invente, en un paysage onirique, \u00ab\u00a0l\u2019espace \u00e0 dormir\u00a0\u00bb. L&rsquo;installation plastique\u00a0Sous les paupi\u00e8res\u00a0plongera le spectateur dans un univers o\u00f9 l&rsquo;espace-temps diff\u00e8re sensiblement de notre quotidien, o\u00f9 les codes sensoriels sont modifi\u00e9s.Paupi\u00e8res ouvertes&#8230;  <\/p>\n<div class=\"read-more\"><a class=\"excerpt-read-more\" href=\"http:\/\/www.s101.fr\/index.php\/sous-les-paupieres\/\" title=\"Continue reading Sous les paupi\u00e8res\">Read more<i class=\"fa fa-angle-right\"><\/i><\/a><\/div>\n","protected":false},"author":1,"featured_media":0,"parent":0,"menu_order":0,"comment_status":"closed","ping_status":"closed","template":"","meta":{"footnotes":""},"class_list":["post-809","page","type-page","status-publish","hentry"],"_links":{"self":[{"href":"http:\/\/www.s101.fr\/index.php\/wp-json\/wp\/v2\/pages\/809","targetHints":{"allow":["GET"]}}],"collection":[{"href":"http:\/\/www.s101.fr\/index.php\/wp-json\/wp\/v2\/pages"}],"about":[{"href":"http:\/\/www.s101.fr\/index.php\/wp-json\/wp\/v2\/types\/page"}],"author":[{"embeddable":true,"href":"http:\/\/www.s101.fr\/index.php\/wp-json\/wp\/v2\/users\/1"}],"replies":[{"embeddable":true,"href":"http:\/\/www.s101.fr\/index.php\/wp-json\/wp\/v2\/comments?post=809"}],"version-history":[{"count":10,"href":"http:\/\/www.s101.fr\/index.php\/wp-json\/wp\/v2\/pages\/809\/revisions"}],"predecessor-version":[{"id":1049,"href":"http:\/\/www.s101.fr\/index.php\/wp-json\/wp\/v2\/pages\/809\/revisions\/1049"}],"wp:attachment":[{"href":"http:\/\/www.s101.fr\/index.php\/wp-json\/wp\/v2\/media?parent=809"}],"curies":[{"name":"wp","href":"https:\/\/api.w.org\/{rel}","templated":true}]}}