{"id":499,"date":"2017-08-31T08:08:24","date_gmt":"2017-08-31T06:08:24","guid":{"rendered":"http:\/\/www.s101.fr\/lia\/s101\/?page_id=499"},"modified":"2018-08-01T14:41:26","modified_gmt":"2018-08-01T12:41:26","slug":"lautre-sommeil","status":"publish","type":"page","link":"http:\/\/www.s101.fr\/index.php\/lautre-sommeil\/","title":{"rendered":"L&rsquo;autre sommeil"},"content":{"rendered":"<p>[vc_row top=\u00a0\u00bb120px\u00a0\u00bb bottom=\u00a0\u00bb30px\u00a0\u00bb][vc_column width=\u00a0\u00bb1\/2&Prime;][vc_single_image image=\u00a0\u00bb664&Prime; img_size=\u00a0\u00bblarge\u00a0\u00bb alignment=\u00a0\u00bbcenter\u00a0\u00bb][\/vc_column][vc_column width=\u00a0\u00bb1\/2&Prime;][vc_column_text]<\/p>\n<h2>L&rsquo;autre sommeil<\/h2>\n<p style=\"text-align: justify;\">\u00ab Oh! Attention, Monseigneur, \u00e0 la jalousie, c\u2019est le monstre aux yeux verts qui tourmente la proie dont il se nourrit. \u00bb<\/p>\n<p style=\"text-align: justify;\">Chaque nuit, Othello tente de r\u00e9veiller Desd\u00e9mone, son amour assassin\u00e9, qu\u2019il garde jalousement prisonni\u00e8re de la mort.<\/p>\n<p style=\"text-align: justify;\">C\u2019est avec la marionnette \u00e0 taille humaine et le son du theremin qu\u2019\u00a0<strong>Ang\u00e9lique Friant<\/strong>\u00a0et\u00a0<strong>Samuel Gamet<\/strong>\u00a0r\u00e9inventent les contours de ce couple shakespearien.<\/p>\n<h4>Equipe<\/h4>\n<p>Mise en sc\u00e8ne, manipulation\u00a0<strong>Ang\u00e9lique Friant<\/strong><\/p>\n<p>Collaboration Artistique\u00a0<strong>Maxime Le Gall<\/strong><\/p>\n<p>Cr\u00e9ation sonore<strong>\u00a0Samuel Gamet<\/strong><\/p>\n<p>Marionnettes\u00a0<strong>David Girondin Moab<\/strong>[\/vc_column_text][\/vc_column][\/vc_row][vc_row top=\u00a0\u00bb20px\u00a0\u00bb bottom=\u00a0\u00bb30px\u00a0\u00bb][vc_column css=\u00a0\u00bb.vc_custom_1504159606708{margin-right: 80px !important;margin-left: 80px !important;}\u00a0\u00bb][vc_image_gallery images=\u00a0\u00bb659,660,661,662,663&Prime; space=\u00a0\u00bb5&Prime; popup=\u00a0\u00bbtrue\u00a0\u00bb items_row=\u00a0\u00bb6&Prime;][\/vc_column][\/vc_row][vc_row top=\u00a0\u00bb20px\u00a0\u00bb bottom=\u00a0\u00bb10px\u00a0\u00bb][vc_column css=\u00a0\u00bb.vc_custom_1504159699240{margin-right: 80px !important;margin-left: 80px !important;}\u00a0\u00bb][vc_separator width=\u00a0\u00bb50%\u00a0\u00bb thickness=\u00a0\u00bb2px\u00a0\u00bb][\/vc_column][\/vc_row]<\/p>\n","protected":false},"excerpt":{"rendered":"<p>[vc_row top=\u00a0\u00bb120px\u00a0\u00bb bottom=\u00a0\u00bb30px\u00a0\u00bb][vc_column width=\u00a0\u00bb1\/2&Prime;][vc_single_image image=\u00a0\u00bb664&Prime; img_size=\u00a0\u00bblarge\u00a0\u00bb alignment=\u00a0\u00bbcenter\u00a0\u00bb][\/vc_column][vc_column width=\u00a0\u00bb1\/2&Prime;][vc_column_text] L&rsquo;autre sommeil \u00ab Oh! Attention, Monseigneur, \u00e0 la jalousie, c\u2019est le monstre aux yeux verts qui tourmente la proie dont il se nourrit. \u00bb Chaque nuit, Othello tente de r\u00e9veiller Desd\u00e9mone, son amour assassin\u00e9, qu\u2019il garde jalousement prisonni\u00e8re de la mort. C\u2019est avec la marionnette \u00e0 taille humaine et le son du theremin qu\u2019\u00a0Ang\u00e9lique Friant\u00a0et\u00a0Samuel Gamet\u00a0r\u00e9inventent les contours de ce couple shakespearien. Equipe Mise en sc\u00e8ne, manipulation\u00a0Ang\u00e9lique&#8230;  <\/p>\n<div class=\"read-more\"><a class=\"excerpt-read-more\" href=\"http:\/\/www.s101.fr\/index.php\/lautre-sommeil\/\" title=\"Continue reading L&rsquo;autre sommeil\">Read more<i class=\"fa fa-angle-right\"><\/i><\/a><\/div>\n","protected":false},"author":1,"featured_media":0,"parent":0,"menu_order":0,"comment_status":"closed","ping_status":"closed","template":"","meta":{"footnotes":""},"class_list":["post-499","page","type-page","status-publish","hentry"],"_links":{"self":[{"href":"http:\/\/www.s101.fr\/index.php\/wp-json\/wp\/v2\/pages\/499","targetHints":{"allow":["GET"]}}],"collection":[{"href":"http:\/\/www.s101.fr\/index.php\/wp-json\/wp\/v2\/pages"}],"about":[{"href":"http:\/\/www.s101.fr\/index.php\/wp-json\/wp\/v2\/types\/page"}],"author":[{"embeddable":true,"href":"http:\/\/www.s101.fr\/index.php\/wp-json\/wp\/v2\/users\/1"}],"replies":[{"embeddable":true,"href":"http:\/\/www.s101.fr\/index.php\/wp-json\/wp\/v2\/comments?post=499"}],"version-history":[{"count":7,"href":"http:\/\/www.s101.fr\/index.php\/wp-json\/wp\/v2\/pages\/499\/revisions"}],"predecessor-version":[{"id":1042,"href":"http:\/\/www.s101.fr\/index.php\/wp-json\/wp\/v2\/pages\/499\/revisions\/1042"}],"wp:attachment":[{"href":"http:\/\/www.s101.fr\/index.php\/wp-json\/wp\/v2\/media?parent=499"}],"curies":[{"name":"wp","href":"https:\/\/api.w.org\/{rel}","templated":true}]}}