{"id":492,"date":"2017-08-30T22:51:19","date_gmt":"2017-08-30T20:51:19","guid":{"rendered":"http:\/\/www.s101.fr\/lia\/s101\/?page_id=492"},"modified":"2018-08-01T14:46:04","modified_gmt":"2018-08-01T12:46:04","slug":"le-grand-animal","status":"publish","type":"page","link":"http:\/\/www.s101.fr\/index.php\/le-grand-animal\/","title":{"rendered":"Le Grand animal"},"content":{"rendered":"<p>[vc_row top=\u00a0\u00bb120px\u00a0\u00bb bottom=\u00a0\u00bb30px\u00a0\u00bb][vc_column width=\u00a0\u00bb1\/2&Prime;][vc_single_image image=\u00a0\u00bb560&Prime; img_size=\u00a0\u00bblarge\u00a0\u00bb alignment=\u00a0\u00bbcenter\u00a0\u00bb][\/vc_column][vc_column width=\u00a0\u00bb1\/2&Prime;][vc_column_text]<\/p>\n<h2>Le Grand animal<\/h2>\n<p style=\"text-align: justify;\">Forme br\u00e8ve mettant en sc\u00e8ne une marionnettiste et sa farandole de petites marionnettes \u00e0 pinces. Le texte de Pascal Adam nous d\u00e9peint la vie d\u2019une petite ville disparaissant sous les cendres au c\u0153ur des alpes, dans une atmosph\u00e8re post grosse explosion atomique. Des \u00e9v\u00e9nements \u00e9tranges feront ressurgir la l\u00e9gende du Grand Animal\u2026<\/p>\n<p style=\"text-align: justify;\">A travers un r\u00e9cit conte, la narratrice nous pr\u00e9sente tout un petit village, des personnages authentiques camp\u00e9s dans un folkore d\u2019on ne sait o\u00f9, on ne sait quand. La sc\u00e9nographie \u00e9volutive nous fait arpenter les lieux du bourg et la montagne italienne gr\u00e2ce \u00e0 un proc\u00e9d\u00e9 innovant et ludique entre marionnettes \u00e0 pince et th\u00e9\u00e2tre de papier. Vous enqu\u00eaterez au c\u00f4t\u00e9 du commissaire ou vous tremblerez avec les habitants, mais \u00e0 qui peut-on vraiment se fier ? Gardez votre libre arbitre, il y a toujours de quoi douter&#8230;<\/p>\n<h4 style=\"text-align: left;\">Equipe<\/h4>\n<p>Texte Pascal Adam<br \/>\nMise en sc\u00e8ne Ang\u00e9lique Friant<br \/>\nTechnique Nicolas Poix<br \/>\nConstruction Alexandra Basquin et R\u00e9mi Lhermenot<br \/>\nAvec Marie Vivier[\/vc_column_text][\/vc_column][\/vc_row][vc_row top=\u00a0\u00bb20px\u00a0\u00bb bottom=\u00a0\u00bb30px\u00a0\u00bb][vc_column css=\u00a0\u00bb.vc_custom_1504126099711{margin-right: 80px !important;margin-left: 80px !important;}\u00a0\u00bb][vc_image_gallery images=\u00a0\u00bb562,563,564,565,566,567&Prime; space=\u00a0\u00bb5&Prime; popup=\u00a0\u00bbtrue\u00a0\u00bb items_row=\u00a0\u00bb6&Prime;][\/vc_column][\/vc_row][vc_row][vc_column css=\u00a0\u00bb.vc_custom_1504126233003{margin-right: 80px !important;margin-left: 80px !important;}\u00a0\u00bb][vc_separator width=\u00a0\u00bb50%\u00a0\u00bb thickness=\u00a0\u00bb2px\u00a0\u00bb][\/vc_column][\/vc_row]<\/p>\n","protected":false},"excerpt":{"rendered":"<p>[vc_row top=\u00a0\u00bb120px\u00a0\u00bb bottom=\u00a0\u00bb30px\u00a0\u00bb][vc_column width=\u00a0\u00bb1\/2&Prime;][vc_single_image image=\u00a0\u00bb560&Prime; img_size=\u00a0\u00bblarge\u00a0\u00bb alignment=\u00a0\u00bbcenter\u00a0\u00bb][\/vc_column][vc_column width=\u00a0\u00bb1\/2&Prime;][vc_column_text] Le Grand animal Forme br\u00e8ve mettant en sc\u00e8ne une marionnettiste et sa farandole de petites marionnettes \u00e0 pinces. Le texte de Pascal Adam nous d\u00e9peint la vie d\u2019une petite ville disparaissant sous les cendres au c\u0153ur des alpes, dans une atmosph\u00e8re post grosse explosion atomique. Des \u00e9v\u00e9nements \u00e9tranges feront ressurgir la l\u00e9gende du Grand Animal\u2026 A travers un r\u00e9cit conte, la narratrice nous pr\u00e9sente tout un petit&#8230;  <\/p>\n<div class=\"read-more\"><a class=\"excerpt-read-more\" href=\"http:\/\/www.s101.fr\/index.php\/le-grand-animal\/\" title=\"Continue reading Le Grand animal\">Read more<i class=\"fa fa-angle-right\"><\/i><\/a><\/div>\n","protected":false},"author":1,"featured_media":0,"parent":0,"menu_order":0,"comment_status":"closed","ping_status":"closed","template":"","meta":{"footnotes":""},"class_list":["post-492","page","type-page","status-publish","hentry"],"_links":{"self":[{"href":"http:\/\/www.s101.fr\/index.php\/wp-json\/wp\/v2\/pages\/492","targetHints":{"allow":["GET"]}}],"collection":[{"href":"http:\/\/www.s101.fr\/index.php\/wp-json\/wp\/v2\/pages"}],"about":[{"href":"http:\/\/www.s101.fr\/index.php\/wp-json\/wp\/v2\/types\/page"}],"author":[{"embeddable":true,"href":"http:\/\/www.s101.fr\/index.php\/wp-json\/wp\/v2\/users\/1"}],"replies":[{"embeddable":true,"href":"http:\/\/www.s101.fr\/index.php\/wp-json\/wp\/v2\/comments?post=492"}],"version-history":[{"count":8,"href":"http:\/\/www.s101.fr\/index.php\/wp-json\/wp\/v2\/pages\/492\/revisions"}],"predecessor-version":[{"id":1044,"href":"http:\/\/www.s101.fr\/index.php\/wp-json\/wp\/v2\/pages\/492\/revisions\/1044"}],"wp:attachment":[{"href":"http:\/\/www.s101.fr\/index.php\/wp-json\/wp\/v2\/media?parent=492"}],"curies":[{"name":"wp","href":"https:\/\/api.w.org\/{rel}","templated":true}]}}