{"id":383,"date":"2017-08-26T14:51:47","date_gmt":"2017-08-26T12:51:47","guid":{"rendered":"http:\/\/www.s101.fr\/lia\/s101\/?page_id=383"},"modified":"2026-03-17T16:13:38","modified_gmt":"2026-03-17T15:13:38","slug":"gretel","status":"publish","type":"page","link":"http:\/\/www.s101.fr\/index.php\/gretel\/","title":{"rendered":"Gretel"},"content":{"rendered":"<p>[vc_row top=\u00a0\u00bb120px\u00a0\u00bb bottom=\u00a0\u00bb30px\u00a0\u00bb][vc_column width=\u00a0\u00bb1\/2&Prime;][vc_single_image image=\u00a0\u00bb386&Prime; img_size=\u00a0\u00bblarge\u00a0\u00bb alignment=\u00a0\u00bbcenter\u00a0\u00bb][\/vc_column][vc_column width=\u00a0\u00bb1\/2&Prime;][vc_column_text]<\/p>\n<h2>Gretel<\/h2>\n<p style=\"text-align: justify;\">Perdus au coeur d\u2019une for\u00eat peupl\u00e9e d\u2019animaux inqui\u00e9tants, Hansel et Gretel d\u00e9couvrent une maison de sucre o\u00f9 les attend une vieille dame ensorceleuse et anthropophage\u2026Le cadre de ce conte est bien connu, avec ses cailloux sem\u00e9s, sa maison \u00e0 croquer et son four o\u00f9 finira la sorci\u00e8re. Une histoire o\u00f9 tout se termine bien\u2026 Mais si Gretel avait tout imagin\u00e9, transformant son quotidien en un cauchemar aux couleurs acidul\u00e9es, \u00e0 la fois effrayant et magique ?<\/p>\n<p style=\"text-align: justify;\">C\u2019est \u00e0 travers les yeux de la jeune fille que se tisse l\u2019histoire du spectacle.\u00a0\u00c0 travers les filtres de sa perception, de ses peurs, de ses d\u00e9sirs, de ses fantasmes\u2026<\/p>\n<p style=\"text-align: justify;\">Et si l\u2019histoire d\u2019Hansel et Gretel se d\u00e9roulait dans le quotidien d\u2019une famille tout \u00e0 fait ordinaire ?\u00a0Et si Gretel, aux prises de son imagination, avait vu en sa vieille cabane une maison de sucreries, en\u00a0la cl\u00f4ture du jardin une rang\u00e9e de pain d\u2019\u00e9pices, et en sa m\u00e8re une sorci\u00e8re&#8230;\u00a0Et si la faim d\u00e9vorante l\u2019avait amen\u00e9e \u00e0 pousser sa m\u00e8re dans le four pour se nourrir de sa chair cuite\u2026<\/p>\n<p style=\"text-align: justify;\">Avec\u00a0<i>Gretel<\/i>,\u00a0<b>Ang\u00e9lique Friant\u00a0<\/b>aborde les th\u00e8mes de l\u2019abandon, du rite du passage, de la perte de l\u2019innocence et propose une adaptation visuelle oscillant entre for\u00eat profonde et d\u00e9cors aux tons vifs et acidul\u00e9s, comme un r\u00eave \u00e9trange et color\u00e9.<\/p>\n<p>[\/vc_column_text][\/vc_column][\/vc_row][vc_row top=\u00a0\u00bb20px\u00a0\u00bb bottom=\u00a0\u00bb30px\u00a0\u00bb][vc_column css=\u00a0\u00bb.vc_custom_1503759103212{margin-right: 80px !important;margin-left: 80px !important;}\u00a0\u00bb][vc_button title=\u00a0\u00bbTeaser du spectacle\u00a0\u00bb type=\u00a0\u00bbmaterial\u00a0\u00bb icon_material=\u00a0\u00bbvc-material vc-material-play_circle_outline\u00a0\u00bb color=\u00a0\u00bbbtn_black\u00a0\u00bb border_radius=\u00a0\u00bbround\u00a0\u00bb link=\u00a0\u00bburl:https%3A%2F%2Fwww.youtube.com%2Fwatch%3Fv%3Dm1QefcIgpSg\u00a0\u00bb][\/vc_column][\/vc_row][vc_row top=\u00a0\u00bb20px\u00a0\u00bb bottom=\u00a0\u00bb30px\u00a0\u00bb][vc_column css=\u00a0\u00bb.vc_custom_1503759103212{margin-right: 80px !important;margin-left: 80px !important;}\u00a0\u00bb][vc_image_gallery images=\u00a0\u00bb627,628,629,630,631,632&Prime; space=\u00a0\u00bb5&Prime; popup=\u00a0\u00bbtrue\u00a0\u00bb items_row=\u00a0\u00bb6&Prime;][\/vc_column][\/vc_row][vc_row top=\u00a0\u00bb30px\u00a0\u00bb bottom=\u00a0\u00bb20px\u00a0\u00bb][vc_column css=\u00a0\u00bb.vc_custom_1503759252457{margin-right: 80px !important;margin-left: 80px !important;}\u00a0\u00bb][vc_column_text]<\/p>\n<h4>Equipe artistique<\/h4>\n<p>Texte et mise en sc\u00e8ne\u00a0<strong>Ang\u00e9lique Friant<\/strong>, assist\u00e9e de\u00a0<strong>R\u00e9mi Pradier<\/strong><\/p>\n<p>Sc\u00e9nographie\u00a0<strong>David Girondin Moab<\/strong><\/p>\n<p>Cr\u00e9ation Sonore\u00a0<strong>Vincent Martial<\/strong><\/p>\n<p>Cr\u00e9ation lumi\u00e8re\u00a0<strong>Fr\u00e9derique Steiner-Sarrieux<\/strong><\/p>\n<p>R\u00e9gie plateau\u00a0<strong>Arnaud Rollat<\/strong><\/p>\n<p>R\u00e9gie son\u00a0<strong>Samuel Gamet<\/strong><\/p>\n<p>Costumes\u00a0<strong>Gingolph G\u00e2teau<\/strong>, assist\u00e9 de J<strong>ennifer Minard<\/strong><\/p>\n<p>Construction des marionnettes\u00a0<strong>Violaine Fimbel<\/strong>,\u00a0<strong>Catherine Hugot<\/strong>,\u00a0<strong>Juan Perez Escala<\/strong>,\u00a0<strong>V\u00e9ronique Didier<\/strong>\u00a0et\u00a0<strong>Evandro Serodio<\/strong>, assist\u00e9s de\u00a0<strong>Sophie Hauller<\/strong><\/p>\n<p>Construction du D\u00e9cor\u00a0<strong>G\u00e9rard Friant<\/strong>\u00a0et\u00a0<strong>Baptiste Etard<\/strong>\u00a0\u2013 Avec\u00a0<strong>Florian Haas<\/strong>,\u00a0<strong>Morgane Aimerie Robin<\/strong>,\u00a0<strong>Julien Royer<\/strong>\u00a0et\u00a0<strong>Gis\u00e8le Torterolo<\/strong>[\/vc_column_text][\/vc_column][\/vc_row][vc_row top=\u00a0\u00bb20px\u00a0\u00bb bottom=\u00a0\u00bb10px\u00a0\u00bb][vc_column css=\u00a0\u00bb.vc_custom_1504339554839{margin-right: 80px !important;margin-left: 80px !important;}\u00a0\u00bb][vc_separator width=\u00a0\u00bb50%\u00a0\u00bb thickness=\u00a0\u00bb2px\u00a0\u00bb][\/vc_column][\/vc_row][vc_row top=\u00a0\u00bb10px\u00a0\u00bb][vc_column css=\u00a0\u00bb.vc_custom_1504339597092{margin-right: 80px !important;margin-left: 80px !important;}\u00a0\u00bb][vc_column_text]<strong>Production<\/strong>\u00a0:\u00a0 Succursale 101<br \/>\n<strong>Coproductions<\/strong>\u00a0: la Com\u00e9die de Reims, centre dramatique national (51), le Salmanazar, sc\u00e8ne de cr\u00e9ation et de diffusion d\u2019Epernay (51), l\u2019Espace J\u00e9liote, sc\u00e8ne conventionn\u00e9e \u00abarts de la marionnettes\u00bb de la communaut\u00e9 de communes du Pi\u00e9mont Oloronais (64).<br \/>\n<strong>Soutiens :<\/strong>\u00a0MA sc\u00e8ne nationale du pays de Montb\u00e9liard et le Jardin Parall\u00e8le fabrique marionnettique et laboratoire d\u2019\u00e9critures nouvelles.[\/vc_column_text][\/vc_column][\/vc_row][vc_row top=\u00a0\u00bb20px\u00a0\u00bb bottom=\u00a0\u00bb10px\u00a0\u00bb][vc_column css=\u00a0\u00bb.vc_custom_1504339554839{margin-right: 80px !important;margin-left: 80px !important;}\u00a0\u00bb][vc_separator width=\u00a0\u00bb50%\u00a0\u00bb thickness=\u00a0\u00bb2px\u00a0\u00bb][\/vc_column][\/vc_row][vc_row top=\u00a0\u00bb20px\u00a0\u00bb][vc_column css=\u00a0\u00bb.vc_custom_1534873824841{margin-right: 80px !important;margin-left: 80px !important;}\u00a0\u00bb][vc_column_text]<\/p>\n<h5><span style=\"color: #800000;\"><em><strong><a style=\"color: #800000;\" href=\"http:\/\/www.s101.fr\/lia\/s101\/wp-content\/uploads\/2018\/08\/gretel17.pdf\">T\u00e9l\u00e9charger le dossier ici<\/a><\/strong><\/em><\/span><\/h5>\n<p>[\/vc_column_text][\/vc_column][\/vc_row]<\/p>\n","protected":false},"excerpt":{"rendered":"<p>[vc_row top=\u00a0\u00bb120px\u00a0\u00bb bottom=\u00a0\u00bb30px\u00a0\u00bb][vc_column width=\u00a0\u00bb1\/2&Prime;][vc_single_image image=\u00a0\u00bb386&Prime; img_size=\u00a0\u00bblarge\u00a0\u00bb alignment=\u00a0\u00bbcenter\u00a0\u00bb][\/vc_column][vc_column width=\u00a0\u00bb1\/2&Prime;][vc_column_text] Gretel Perdus au coeur d\u2019une for\u00eat peupl\u00e9e d\u2019animaux inqui\u00e9tants, Hansel et Gretel d\u00e9couvrent une maison de sucre o\u00f9 les attend une vieille dame ensorceleuse et anthropophage\u2026Le cadre de ce conte est bien connu, avec ses cailloux sem\u00e9s, sa maison \u00e0 croquer et son four o\u00f9 finira la sorci\u00e8re. Une histoire o\u00f9 tout se termine bien\u2026 Mais si Gretel avait tout imagin\u00e9, transformant son quotidien en un cauchemar&#8230;  <\/p>\n<div class=\"read-more\"><a class=\"excerpt-read-more\" href=\"http:\/\/www.s101.fr\/index.php\/gretel\/\" title=\"Continue reading Gretel\">Read more<i class=\"fa fa-angle-right\"><\/i><\/a><\/div>\n","protected":false},"author":1,"featured_media":0,"parent":0,"menu_order":0,"comment_status":"closed","ping_status":"closed","template":"","meta":{"footnotes":""},"class_list":["post-383","page","type-page","status-publish","hentry"],"_links":{"self":[{"href":"http:\/\/www.s101.fr\/index.php\/wp-json\/wp\/v2\/pages\/383","targetHints":{"allow":["GET"]}}],"collection":[{"href":"http:\/\/www.s101.fr\/index.php\/wp-json\/wp\/v2\/pages"}],"about":[{"href":"http:\/\/www.s101.fr\/index.php\/wp-json\/wp\/v2\/types\/page"}],"author":[{"embeddable":true,"href":"http:\/\/www.s101.fr\/index.php\/wp-json\/wp\/v2\/users\/1"}],"replies":[{"embeddable":true,"href":"http:\/\/www.s101.fr\/index.php\/wp-json\/wp\/v2\/comments?post=383"}],"version-history":[{"count":19,"href":"http:\/\/www.s101.fr\/index.php\/wp-json\/wp\/v2\/pages\/383\/revisions"}],"predecessor-version":[{"id":1871,"href":"http:\/\/www.s101.fr\/index.php\/wp-json\/wp\/v2\/pages\/383\/revisions\/1871"}],"wp:attachment":[{"href":"http:\/\/www.s101.fr\/index.php\/wp-json\/wp\/v2\/media?parent=383"}],"curies":[{"name":"wp","href":"https:\/\/api.w.org\/{rel}","templated":true}]}}